{"id":79,"date":"2026-01-29T18:42:04","date_gmt":"2026-01-29T18:42:04","guid":{"rendered":"https:\/\/zs-robotics.com\/?page_id=79"},"modified":"2026-01-29T18:42:04","modified_gmt":"2026-01-29T18:42:04","slug":"hakkimizda","status":"publish","type":"page","link":"https:\/\/zs-robotics.com\/?page_id=79","title":{"rendered":"Hakk\u0131m\u0131zda"},"content":{"rendered":"\n<p>ZS Robotics, Kas\u0131m 2022 tarihinde Bursa\u2019da kurulmu\u015f olup end\u00fcstriyel robotlar ve otomasyon teknolojileri alan\u0131nda yenilik\u00e7i \u00e7\u00f6z\u00fcmler sunan bir m\u00fchendislik firmas\u0131d\u0131r. Firma merkezimiz Bursa ili Osmangazi il\u00e7esinde yer almakta olup, yaln\u0131zca T\u00fcrkiye i\u00e7inde de\u011fil, t\u00fcm d\u00fcnyaya hizmet vermekteyiz.<\/p>\n\n\n\n<p>Faaliyet alanlar\u0131m\u0131z; end\u00fcstriyel robot sistemleri, otomasyon teknolojileri, PLC programlama, SCADA\u2013HMI ekran tasar\u0131mlar\u0131 ve tala\u015fl\u0131 imalat \u00e7\u00f6z\u00fcmlerinden olu\u015fmaktad\u0131r. M\u00fc\u015fterilerimize \u00f6zel projeler geli\u015ftirerek \u00fcretim s\u00fcre\u00e7lerinde verimlilik, kalite ve s\u00fcrd\u00fcr\u00fclebilirli\u011fi art\u0131rmay\u0131 hedefliyoruz.<\/p>\n\n\n\n<p>ZS Robotics olarak otomotiv, g\u0131da, mobilya, beyaz e\u015fya, lojistik, paketleme, enerji sistemleri ve yap\u0131 kimyasallar\u0131 gibi bir\u00e7ok farkl\u0131 sekt\u00f6re uluslararas\u0131 standartlarda hizmet sunmaktay\u0131z.<\/p>\n\n\n\n<p>Kurucu ekibimizin 9 y\u0131ll\u0131k saha deneyimi ile firma kurulu\u015fumuzdan itibaren elde edilen tecr\u00fcbeler bir araya gelerek toplamda 12 y\u0131ll\u0131k sekt\u00f6r deneyimiyle m\u00fc\u015fterilerimize profesyonel \u00e7\u00f6z\u00fcmler sunmaktay\u0131z. \u00dc\u00e7 y\u0131ll\u0131k firma ge\u00e7mi\u015fimizde y\u0131ll\u0131k ortalama 12 adet robot kurulumu, 10 adet robot bak\u0131m projesi ve 30 adet ba\u015far\u0131yla sonu\u00e7land\u0131r\u0131lm\u0131\u015f servis \u00e7al\u0131\u015fmas\u0131 ger\u00e7ekle\u015ftirmi\u015f bulunmaktay\u0131z.<\/p>\n\n\n\n<p>\u00c7al\u0131\u015fma prensibimiz; m\u00fc\u015fterilerimizi do\u011fru \u015fekilde analiz etmek, ihtiya\u00e7lar\u0131n\u0131 dikkatle dinlemek ve en uygun fiyat-performans \u00e7\u00f6z\u00fcmlerini sunarak dan\u0131\u015fmanl\u0131k yakla\u015f\u0131m\u0131yla maksimum verim elde etmelerini sa\u011flamakt\u0131r.<\/p>\n\n\n\n<h3 class=\"wp-block-heading\">&#x1f3af; Misyonumuz<\/h3>\n\n\n\n<p>Gelece\u011fin standartlar\u0131na uygun, insanl\u0131\u011f\u0131n i\u015fini kolayla\u015ft\u0131ran, g\u00fcvenilir ve verimli sistemler geli\u015ftirmek.<\/p>\n\n\n\n<h3 class=\"wp-block-heading\">&#x1f680; Vizyonumuz<\/h3>\n\n\n\n<p>\u00dclkemizi m\u00fchendislik ve teknoloji alan\u0131nda en iyi \u015fekilde temsil eden, ulusal ve uluslararas\u0131 alanda tercih edilen bir marka olmak.<\/p>\n","protected":false},"excerpt":{"rendered":"<p>ZS Robotics, Kas\u0131m 2022 tarihinde Bursa\u2019da kurulmu\u015f olup end\u00fcstriyel robotlar ve otomasyon teknolojileri alan\u0131nda yenilik\u00e7i \u00e7\u00f6z\u00fcmler sunan bir m\u00fchendislik firmas\u0131d\u0131r. Firma merkezimiz Bursa ili Osmangazi il\u00e7esinde yer almakta olup, yaln\u0131zca T\u00fcrkiye i\u00e7inde de\u011fil, t\u00fcm d\u00fcnyaya hizmet vermekteyiz. Faaliyet alanlar\u0131m\u0131z; end\u00fcstriyel robot sistemleri, otomasyon teknolojileri, PLC programlama, SCADA\u2013HMI ekran tasar\u0131mlar\u0131 ve tala\u015fl\u0131 imalat \u00e7\u00f6z\u00fcmlerinden olu\u015fmaktad\u0131r. M\u00fc\u015fterilerimize&hellip; <a class=\"more-link\" href=\"https:\/\/zs-robotics.com\/?page_id=79\">Okumaya devam et <span class=\"screen-reader-text\">Hakk\u0131m\u0131zda<\/span><\/a><\/p>\n","protected":false},"author":1,"featured_media":0,"parent":0,"menu_order":0,"comment_status":"closed","ping_status":"closed","template":"","meta":{"footnotes":""},"class_list":["post-79","page","type-page","status-publish","hentry","entry"],"_links":{"self":[{"href":"https:\/\/zs-robotics.com\/index.php?rest_route=\/wp\/v2\/pages\/79","targetHints":{"allow":["GET"]}}],"collection":[{"href":"https:\/\/zs-robotics.com\/index.php?rest_route=\/wp\/v2\/pages"}],"about":[{"href":"https:\/\/zs-robotics.com\/index.php?rest_route=\/wp\/v2\/types\/page"}],"author":[{"embeddable":true,"href":"https:\/\/zs-robotics.com\/index.php?rest_route=\/wp\/v2\/users\/1"}],"replies":[{"embeddable":true,"href":"https:\/\/zs-robotics.com\/index.php?rest_route=%2Fwp%2Fv2%2Fcomments&post=79"}],"version-history":[{"count":1,"href":"https:\/\/zs-robotics.com\/index.php?rest_route=\/wp\/v2\/pages\/79\/revisions"}],"predecessor-version":[{"id":80,"href":"https:\/\/zs-robotics.com\/index.php?rest_route=\/wp\/v2\/pages\/79\/revisions\/80"}],"wp:attachment":[{"href":"https:\/\/zs-robotics.com\/index.php?rest_route=%2Fwp%2Fv2%2Fmedia&parent=79"}],"curies":[{"name":"wp","href":"https:\/\/api.w.org\/{rel}","templated":true}]}}